{"id":76,"date":"2018-12-07T11:02:17","date_gmt":"2018-12-07T10:02:17","guid":{"rendered":"http:\/\/www.ruhl-charpente.fr\/?page_id=76"},"modified":"2020-01-24T06:26:38","modified_gmt":"2020-01-24T05:26:38","slug":"ouvertures","status":"publish","type":"page","link":"https:\/\/www.ruhl-charpente.fr\/?page_id=76","title":{"rendered":"Ouvertures"},"content":{"rendered":"\n<p><br><\/p>\n\n\n\n<h4 class=\"wp-block-heading\">Mens, installation de 6 velux<\/h4>\n\n\n\n<ul class=\"wp-block-gallery columns-1 is-cropped wp-block-gallery-1 is-layout-flex wp-block-gallery-is-layout-flex\"><li class=\"blocks-gallery-item\"><figure><img loading=\"lazy\" decoding=\"async\" width=\"768\" height=\"1024\" src=\"https:\/\/www.ruhl-charpente.fr\/wp-content\/uploads\/2019\/09\/velux-gay-web-768x1024.jpg\" alt=\"\" data-id=\"286\" data-link=\"https:\/\/www.ruhl-charpente.fr\/?attachment_id=286\" class=\"wp-image-286\" srcset=\"https:\/\/www.ruhl-charpente.fr\/wp-content\/uploads\/2019\/09\/velux-gay-web-768x1024.jpg 768w, https:\/\/www.ruhl-charpente.fr\/wp-content\/uploads\/2019\/09\/velux-gay-web-225x300.jpg 225w, https:\/\/www.ruhl-charpente.fr\/wp-content\/uploads\/2019\/09\/velux-gay-web.jpg 900w\" sizes=\"(max-width: 767px) 89vw, (max-width: 1000px) 54vw, (max-width: 1071px) 543px, 580px\" \/><\/figure><\/li><\/ul>\n\n\n\n<h4 class=\"wp-block-heading\">Installation d&#8217;un conduit de lumi\u00e8re naturelle, Mornant (69)<\/h4>\n\n\n\n<p>Pour \u00e9viter un \u00e9clairage \u00e9lectrique de la pi\u00e8ce \u00e0 vivre durant la journ\u00e9e, la solution d&#8217;un conduit de lumi\u00e8re naturelle s&#8217;est impos\u00e9e naturellement.<\/p>\n\n\n\n<ul class=\"wp-block-gallery columns-1 is-cropped wp-block-gallery-2 is-layout-flex wp-block-gallery-is-layout-flex\"><li class=\"blocks-gallery-item\"><figure><img loading=\"lazy\" decoding=\"async\" width=\"1024\" height=\"683\" src=\"https:\/\/www.ruhl-charpente.fr\/wp-content\/uploads\/2018\/12\/26092018-DSC07465web-1024x683.jpg\" alt=\"\" data-id=\"115\" data-link=\"https:\/\/www.ruhl-charpente.fr\/?attachment_id=115\" class=\"wp-image-115\" srcset=\"https:\/\/www.ruhl-charpente.fr\/wp-content\/uploads\/2018\/12\/26092018-DSC07465web-1024x683.jpg 1024w, https:\/\/www.ruhl-charpente.fr\/wp-content\/uploads\/2018\/12\/26092018-DSC07465web-300x200.jpg 300w, https:\/\/www.ruhl-charpente.fr\/wp-content\/uploads\/2018\/12\/26092018-DSC07465web-768x512.jpg 768w, https:\/\/www.ruhl-charpente.fr\/wp-content\/uploads\/2018\/12\/26092018-DSC07465web.jpg 1200w\" sizes=\"(max-width: 767px) 89vw, (max-width: 1000px) 54vw, (max-width: 1071px) 543px, 580px\" \/><figcaption>Avant<\/figcaption><\/figure><\/li><li class=\"blocks-gallery-item\"><figure><img loading=\"lazy\" decoding=\"async\" width=\"1024\" height=\"683\" src=\"https:\/\/www.ruhl-charpente.fr\/wp-content\/uploads\/2018\/12\/26092018-DSC07472web-1024x683.jpg\" alt=\"\" data-id=\"116\" data-link=\"https:\/\/www.ruhl-charpente.fr\/?attachment_id=116\" class=\"wp-image-116\" srcset=\"https:\/\/www.ruhl-charpente.fr\/wp-content\/uploads\/2018\/12\/26092018-DSC07472web-1024x683.jpg 1024w, https:\/\/www.ruhl-charpente.fr\/wp-content\/uploads\/2018\/12\/26092018-DSC07472web-300x200.jpg 300w, https:\/\/www.ruhl-charpente.fr\/wp-content\/uploads\/2018\/12\/26092018-DSC07472web-768x512.jpg 768w, https:\/\/www.ruhl-charpente.fr\/wp-content\/uploads\/2018\/12\/26092018-DSC07472web.jpg 1200w\" sizes=\"(max-width: 767px) 89vw, (max-width: 1000px) 54vw, (max-width: 1071px) 543px, 580px\" \/><figcaption>Apr\u00e8s<\/figcaption><\/figure><\/li><\/ul>\n\n\n\n<p><br><\/p>\n\n\n\n<h4 class=\"wp-block-heading\">Cr\u00e9ation d&#8217;une ouverture, Tullins, (38)<br><\/h4>\n\n\n\n<figure class=\"wp-block-image\"><img loading=\"lazy\" decoding=\"async\" width=\"1024\" height=\"768\" src=\"https:\/\/www.ruhl-charpente.fr\/wp-content\/uploads\/2018\/12\/13092018-20180913_153018web-1-1024x768.jpg\" alt=\"\" class=\"wp-image-112\" srcset=\"https:\/\/www.ruhl-charpente.fr\/wp-content\/uploads\/2018\/12\/13092018-20180913_153018web-1-1024x768.jpg 1024w, https:\/\/www.ruhl-charpente.fr\/wp-content\/uploads\/2018\/12\/13092018-20180913_153018web-1-300x225.jpg 300w, https:\/\/www.ruhl-charpente.fr\/wp-content\/uploads\/2018\/12\/13092018-20180913_153018web-1-768x576.jpg 768w, https:\/\/www.ruhl-charpente.fr\/wp-content\/uploads\/2018\/12\/13092018-20180913_153018web-1.jpg 1200w\" sizes=\"(max-width: 767px) 89vw, (max-width: 1000px) 54vw, (max-width: 1071px) 543px, 580px\" \/><figcaption>Dessous : Installation d&#8217;un velux dans une chambre initialement tr\u00e8s sombre.<\/figcaption><\/figure>\n\n\n\n<figure class=\"wp-block-image\"><img loading=\"lazy\" decoding=\"async\" width=\"1024\" height=\"683\" src=\"https:\/\/www.ruhl-charpente.fr\/wp-content\/uploads\/2018\/12\/13092018-DSC07423-2web-1024x683.jpg\" alt=\"\" class=\"wp-image-121\" srcset=\"https:\/\/www.ruhl-charpente.fr\/wp-content\/uploads\/2018\/12\/13092018-DSC07423-2web-1024x683.jpg 1024w, https:\/\/www.ruhl-charpente.fr\/wp-content\/uploads\/2018\/12\/13092018-DSC07423-2web-300x200.jpg 300w, https:\/\/www.ruhl-charpente.fr\/wp-content\/uploads\/2018\/12\/13092018-DSC07423-2web-768x512.jpg 768w, https:\/\/www.ruhl-charpente.fr\/wp-content\/uploads\/2018\/12\/13092018-DSC07423-2web.jpg 1200w\" sizes=\"(max-width: 767px) 89vw, (max-width: 1000px) 54vw, (max-width: 1071px) 543px, 580px\" \/><figcaption>Dessus : Pose de velux encastr\u00e9, en raison de la situation de l&#8217;habitation dans un p\u00e9rim\u00e8tre class\u00e9.<\/figcaption><\/figure>\n","protected":false},"excerpt":{"rendered":"<p>Mens, installation de 6 velux Installation d&#8217;un conduit de lumi\u00e8re naturelle, Mornant (69) Pour \u00e9viter un \u00e9clairage \u00e9lectrique de la pi\u00e8ce \u00e0 vivre durant la journ\u00e9e, la solution d&#8217;un conduit de lumi\u00e8re naturelle s&#8217;est impos\u00e9e naturellement. Cr\u00e9ation d&#8217;une ouverture, Tullins, (38)<\/p>\n","protected":false},"author":1,"featured_media":0,"parent":0,"menu_order":0,"comment_status":"closed","ping_status":"closed","template":"","meta":{"footnotes":""},"_links":{"self":[{"href":"https:\/\/www.ruhl-charpente.fr\/index.php?rest_route=\/wp\/v2\/pages\/76"}],"collection":[{"href":"https:\/\/www.ruhl-charpente.fr\/index.php?rest_route=\/wp\/v2\/pages"}],"about":[{"href":"https:\/\/www.ruhl-charpente.fr\/index.php?rest_route=\/wp\/v2\/types\/page"}],"author":[{"embeddable":true,"href":"https:\/\/www.ruhl-charpente.fr\/index.php?rest_route=\/wp\/v2\/users\/1"}],"replies":[{"embeddable":true,"href":"https:\/\/www.ruhl-charpente.fr\/index.php?rest_route=%2Fwp%2Fv2%2Fcomments&post=76"}],"version-history":[{"count":11,"href":"https:\/\/www.ruhl-charpente.fr\/index.php?rest_route=\/wp\/v2\/pages\/76\/revisions"}],"predecessor-version":[{"id":353,"href":"https:\/\/www.ruhl-charpente.fr\/index.php?rest_route=\/wp\/v2\/pages\/76\/revisions\/353"}],"wp:attachment":[{"href":"https:\/\/www.ruhl-charpente.fr\/index.php?rest_route=%2Fwp%2Fv2%2Fmedia&parent=76"}],"curies":[{"name":"wp","href":"https:\/\/api.w.org\/{rel}","templated":true}]}}

<p><br></p>



<h4 class="wp-block-heading">Mens, installation de 6 velux</h4>



<ul class="wp-block-gallery columns-1 is-cropped wp-block-gallery-1 is-layout-flex wp-block-gallery-is-layout-flex"><li class="blocks-gallery-item"><figure><img loading="lazy" decoding="async" width="768" height="1024" src="https://www.ruhl-charpente.fr/wp-content/uploads/2019/09/velux-gay-web-768x1024.jpg" alt="" data-id="286" data-link="https://www.ruhl-charpente.fr/?attachment_id=286" class="wp-image-286" srcset="https://www.ruhl-charpente.fr/wp-content/uploads/2019/09/velux-gay-web-768x1024.jpg 768w, https://www.ruhl-charpente.fr/wp-content/uploads/2019/09/velux-gay-web-225x300.jpg 225w, https://www.ruhl-charpente.fr/wp-content/uploads/2019/09/velux-gay-web.jpg 900w" sizes="(max-width: 767px) 89vw, (max-width: 1000px) 54vw, (max-width: 1071px) 543px, 580px" /></figure></li></ul>



<h4 class="wp-block-heading">Installation d&#8217;un conduit de lumière naturelle, Mornant (69)</h4>



<p>Pour éviter un éclairage électrique de la pièce à vivre durant la journée, la solution d&#8217;un conduit de lumière naturelle s&#8217;est imposée naturellement.</p>



<ul class="wp-block-gallery columns-1 is-cropped wp-block-gallery-2 is-layout-flex wp-block-gallery-is-layout-flex"><li class="blocks-gallery-item"><figure><img loading="lazy" decoding="async" width="1024" height="683" src="https://www.ruhl-charpente.fr/wp-content/uploads/2018/12/26092018-DSC07465web-1024x683.jpg" alt="" data-id="115" data-link="https://www.ruhl-charpente.fr/?attachment_id=115" class="wp-image-115" srcset="https://www.ruhl-charpente.fr/wp-content/uploads/2018/12/26092018-DSC07465web-1024x683.jpg 1024w, https://www.ruhl-charpente.fr/wp-content/uploads/2018/12/26092018-DSC07465web-300x200.jpg 300w, https://www.ruhl-charpente.fr/wp-content/uploads/2018/12/26092018-DSC07465web-768x512.jpg 768w, https://www.ruhl-charpente.fr/wp-content/uploads/2018/12/26092018-DSC07465web.jpg 1200w" sizes="(max-width: 767px) 89vw, (max-width: 1000px) 54vw, (max-width: 1071px) 543px, 580px" /><figcaption>Avant</figcaption></figure></li><li class="blocks-gallery-item"><figure><img loading="lazy" decoding="async" width="1024" height="683" src="https://www.ruhl-charpente.fr/wp-content/uploads/2018/12/26092018-DSC07472web-1024x683.jpg" alt="" data-id="116" data-link="https://www.ruhl-charpente.fr/?attachment_id=116" class="wp-image-116" srcset="https://www.ruhl-charpente.fr/wp-content/uploads/2018/12/26092018-DSC07472web-1024x683.jpg 1024w, https://www.ruhl-charpente.fr/wp-content/uploads/2018/12/26092018-DSC07472web-300x200.jpg 300w, https://www.ruhl-charpente.fr/wp-content/uploads/2018/12/26092018-DSC07472web-768x512.jpg 768w, https://www.ruhl-charpente.fr/wp-content/uploads/2018/12/26092018-DSC07472web.jpg 1200w" sizes="(max-width: 767px) 89vw, (max-width: 1000px) 54vw, (max-width: 1071px) 543px, 580px" /><figcaption>Après</figcaption></figure></li></ul>



<p><br></p>



<h4 class="wp-block-heading">Création d&#8217;une ouverture, Tullins, (38)<br></h4>



<figure class="wp-block-image"><img loading="lazy" decoding="async" width="1024" height="768" src="https://www.ruhl-charpente.fr/wp-content/uploads/2018/12/13092018-20180913_153018web-1-1024x768.jpg" alt="" class="wp-image-112" srcset="https://www.ruhl-charpente.fr/wp-content/uploads/2018/12/13092018-20180913_153018web-1-1024x768.jpg 1024w, https://www.ruhl-charpente.fr/wp-content/uploads/2018/12/13092018-20180913_153018web-1-300x225.jpg 300w, https://www.ruhl-charpente.fr/wp-content/uploads/2018/12/13092018-20180913_153018web-1-768x576.jpg 768w, https://www.ruhl-charpente.fr/wp-content/uploads/2018/12/13092018-20180913_153018web-1.jpg 1200w" sizes="(max-width: 767px) 89vw, (max-width: 1000px) 54vw, (max-width: 1071px) 543px, 580px" /><figcaption>Dessous : Installation d&#8217;un velux dans une chambre initialement très sombre.</figcaption></figure>



<figure class="wp-block-image"><img loading="lazy" decoding="async" width="1024" height="683" src="https://www.ruhl-charpente.fr/wp-content/uploads/2018/12/13092018-DSC07423-2web-1024x683.jpg" alt="" class="wp-image-121" srcset="https://www.ruhl-charpente.fr/wp-content/uploads/2018/12/13092018-DSC07423-2web-1024x683.jpg 1024w, https://www.ruhl-charpente.fr/wp-content/uploads/2018/12/13092018-DSC07423-2web-300x200.jpg 300w, https://www.ruhl-charpente.fr/wp-content/uploads/2018/12/13092018-DSC07423-2web-768x512.jpg 768w, https://www.ruhl-charpente.fr/wp-content/uploads/2018/12/13092018-DSC07423-2web.jpg 1200w" sizes="(max-width: 767px) 89vw, (max-width: 1000px) 54vw, (max-width: 1071px) 543px, 580px" /><figcaption>Dessus : Pose de velux encastré, en raison de la situation de l&#8217;habitation dans un périmètre classé.</figcaption></figure>

<p>Mens, installation de 6 velux Installation d&#8217;un conduit de lumière naturelle, Mornant (69) Pour éviter un éclairage électrique de la pièce à vivre durant la journée, la solution d&#8217;un conduit de lumière naturelle s&#8217;est imposée naturellement. Création d&#8217;une ouverture, Tullins, (38)</p>
