{"id":213,"date":"2019-02-07T19:01:22","date_gmt":"2019-02-07T18:01:22","guid":{"rendered":"http:\/\/www.ruhl-charpente.fr\/?page_id=213"},"modified":"2020-01-29T09:46:02","modified_gmt":"2020-01-29T08:46:02","slug":"mentions-legales","status":"publish","type":"page","link":"https:\/\/www.ruhl-charpente.fr\/?page_id=213","title":{"rendered":"Mentions l\u00e9gales"},"content":{"rendered":"\n<p>R\u00fchl Th\u00e9o<\/p>\n\n\n\n<p>Adresse : Rue de l&#8217;Arsenal, 38930 Clelles<\/p>\n\n\n\n<p>Courriel : theoruhl.charpente@gmail.com<\/p>\n\n\n\n<p>T\u00e9lephone : 0684505947<br><\/p>\n\n\n\n<p>H\u00e9bergement : OVH 2 rue Kellerman 59100 Roubaix<br><\/p>\n\n\n\n<p>Directeur de la publication : Th\u00e9o R\u00fchl<\/p>\n\n\n\n<p><\/p>\n","protected":false},"excerpt":{"rendered":"<p>R\u00fchl Th\u00e9o Adresse : Rue de l&#8217;Arsenal, 38930 Clelles Courriel : theoruhl.charpente@gmail.com T\u00e9lephone : 0684505947 H\u00e9bergement : OVH 2 rue Kellerman 59100 Roubaix Directeur de la publication : Th\u00e9o R\u00fchl<\/p>\n","protected":false},"author":1,"featured_media":0,"parent":0,"menu_order":0,"comment_status":"closed","ping_status":"closed","template":"","meta":{"footnotes":""},"_links":{"self":[{"href":"https:\/\/www.ruhl-charpente.fr\/index.php?rest_route=\/wp\/v2\/pages\/213"}],"collection":[{"href":"https:\/\/www.ruhl-charpente.fr\/index.php?rest_route=\/wp\/v2\/pages"}],"about":[{"href":"https:\/\/www.ruhl-charpente.fr\/index.php?rest_route=\/wp\/v2\/types\/page"}],"author":[{"embeddable":true,"href":"https:\/\/www.ruhl-charpente.fr\/index.php?rest_route=\/wp\/v2\/users\/1"}],"replies":[{"embeddable":true,"href":"https:\/\/www.ruhl-charpente.fr\/index.php?rest_route=%2Fwp%2Fv2%2Fcomments&post=213"}],"version-history":[{"count":2,"href":"https:\/\/www.ruhl-charpente.fr\/index.php?rest_route=\/wp\/v2\/pages\/213\/revisions"}],"predecessor-version":[{"id":357,"href":"https:\/\/www.ruhl-charpente.fr\/index.php?rest_route=\/wp\/v2\/pages\/213\/revisions\/357"}],"wp:attachment":[{"href":"https:\/\/www.ruhl-charpente.fr\/index.php?rest_route=%2Fwp%2Fv2%2Fmedia&parent=213"}],"curies":[{"name":"wp","href":"https:\/\/api.w.org\/{rel}","templated":true}]}}