{"id":192,"date":"2019-01-11T11:55:19","date_gmt":"2019-01-11T10:55:19","guid":{"rendered":"http:\/\/www.ruhl-charpente.fr\/?page_id=192"},"modified":"2023-01-10T10:26:22","modified_gmt":"2023-01-10T09:26:22","slug":"presentation","status":"publish","type":"page","link":"https:\/\/www.ruhl-charpente.fr\/?page_id=192","title":{"rendered":"Pr\u00e9sentation"},"content":{"rendered":"\n<figure class=\"wp-block-image\"><img loading=\"lazy\" decoding=\"async\" width=\"683\" height=\"1024\" src=\"https:\/\/www.ruhl-charpente.fr\/wp-content\/uploads\/2019\/05\/DSC08235web-683x1024.jpg\" alt=\"\" class=\"wp-image-230\" srcset=\"https:\/\/www.ruhl-charpente.fr\/wp-content\/uploads\/2019\/05\/DSC08235web-683x1024.jpg 683w, https:\/\/www.ruhl-charpente.fr\/wp-content\/uploads\/2019\/05\/DSC08235web-200x300.jpg 200w, https:\/\/www.ruhl-charpente.fr\/wp-content\/uploads\/2019\/05\/DSC08235web-768x1152.jpg 768w, https:\/\/www.ruhl-charpente.fr\/wp-content\/uploads\/2019\/05\/DSC08235web.jpg 800w\" sizes=\"(max-width: 683px) 100vw, 683px\" \/><figcaption>Pr\u00e9paration d&#8217;un chantier de zinguerie<\/figcaption><\/figure>\n\n\n\n<p>Charpentier depuis 2013, c\u2019est en m\u2019installant dans le Tri\u00e8ves au  printemps 2018, que j\u2019ai choisi de devenir entrepreneur au sein de la  coop\u00e9rative <a rel=\"noreferrer noopener\" href=\"https:\/\/www.cabestan.fr\/\" target=\"_blank\">Cabestan<\/a>.  Mon parcours scolaire ne me destinait pas concr\u00e8tement au m\u00e9tier de  charpentier, mais il m\u2019a  permis de m\u2019orienter de fa\u00e7on r\u00e9fl\u00e9chie vers  cette profession. <\/p>\n\n\n\n<p>En effet, apr\u00e8s un bac scientifique, j\u2019ai d\u2019abord abord\u00e9 la g\u00e9ologie \navant de m\u2019orienter vers un parcours universitaire de g\u00e9ographie durant \nlequel j\u2019ai eu l\u2019occasion d\u2019acqu\u00e9rir de multiples connaissances sur \nnotre environnement physique, ainsi que sur les relations tr\u00e8s \u00e9troites \nentre les hommes et les territoires dans lesquels ils \u00e9voluent. C\u2019est en\n \u00e9tudiant des probl\u00e9matiques li\u00e9es aux milieux de montagne et \u00e0 \nl\u2019\u00e9volution des glaciers que j\u2019ai obtenu mon dipl\u00f4me de Master 2 en \n2010. Je ne suis pas reparti de l\u2019universit\u00e9 avec un m\u00e9tier, mais avec \nla conviction profonde que nous vivons une p\u00e9riode cl\u00e9, et que les choix\n que nous faisons chaque jours, sont d\u00e9terminants pour sortir par le \nhaut de la crise environnementale et sociale que nous traversons. <\/p>\n\n\n\n<p>Gr\u00e2ce \u00e0 mon m\u00e9tier et aux choix qu\u2019il offre, je veux contribuer \u00e0  pr\u00e9server au mieux notre avenir. Le choix des mat\u00e9riaux, leurs capacit\u00e9s  \u00e0 \u00eatre recycl\u00e9s sans ou avec un minimum de pollutions, l\u2019absence de  traitements ou d\u2019additifs dangereux pour la sant\u00e9, la longueur des  circuits de distribution, constituent autant d\u2019alternatives qui me  permettent d\u2019agir \u00e0 ma mesure. <\/p>\n\n\n\n<p>Au cours de ma carri\u00e8re de charpentier, j\u2019ai pu fr\u00e9quenter des  entreprises tr\u00e8s diff\u00e9rentes dont les effectifs allaient de 1 \u00e0 50  employ\u00e9s et autant d\u2019int\u00e9rimaires. J\u2019ai travaill\u00e9 au sein d\u2019un bureau  d\u2019\u00e9tude de conception et dessin de structures bois, j\u2019ai \u00e9t\u00e9 man\u0153uvre  sur des gros chantiers d\u2019immeubles, mais j\u2019ai aussi \u00e9t\u00e9 employ\u00e9 sur des  chantiers plus modestes de r\u00e9novation de toitures, d\u2019isolation, ou de  constructions neuves chez des particuliers. Ce que j\u2019ai appris de ces  diverses exp\u00e9riences, c\u2019est que la concertation et la collaboration sont  essentielles dans la r\u00e9ussite d\u2019un chantier. Lorsque les travaux le  permettent il est int\u00e9ressant que les clients puissent prendre part aux  travaux. Cela leur permet d\u2019\u00eatre acteur de leur projet et  d\u2019appr\u00e9hender de fa\u00e7on concr\u00e8te les diff\u00e9rents choix possibles. <\/p>\n\n\n\n<p>C\u2019est pourquoi si vous avez un projet, je me ferais un devoir de vous  aider \u00e0 le construire en faisant des choix qui vous conviennent au  mieux, dans le respect de l\u2019avenir et des contraintes locales.<\/p>\n\n\n\n<h2 class=\"wp-block-heading\">Formations<\/h2>\n\n\n\n<p>Octobre 2022 : <a href=\"http:\/\/ergolevage.fr\/fr_FR\/1-Accueil\" target=\"_blank\" rel=\"noreferrer noopener\"> Ergolevage<\/a>. Formation aux techniques de levage traditionnelles \u00e0 la corde. Utilisation de cordes poulies et autres \u00e9l\u00e9ments l\u00e9gers pour le levage de structures bois en gros \u0153uvre (murs ossature bois, solivage, charpente etc.) ainsi qu&#8217;en sous-\u0153uvre. (La ferme Latine, B\u00e9rat)<\/p>\n\n\n\n<p>Mars 2021 : qualification pro paille. Techniques d&#8217;isolation par remplissage en bottes de paille. (Aplomb, Cras)<\/p>\n\n\n\n<p>F\u00e9vrier 2019 : Feebat R\u00e9no, Qualibat RGE, (GRETA, Grenoble)<\/p>\n\n\n\n<p>Mai 2019 : RDM et dimensionnement structures bois eurocode 5 (FCMB, Echirolles)<\/p>\n\n\n\n<p>2015 : Perfectionnement zinguerie (GRETA, Grenoble)<\/p>\n\n\n\n<p>2013 : CAP charpentier bois (GRETA, Grenoble)<\/p>\n\n\n\n<p>2010 : Master 2 STDDAD, (Institut de G\u00e9ographie Alpine, Grenoble)<\/p>\n","protected":false},"excerpt":{"rendered":"<p>Charpentier depuis 2013, c\u2019est en m\u2019installant dans le Tri\u00e8ves au printemps 2018, que j\u2019ai choisi de devenir entrepreneur au sein de la coop\u00e9rative Cabestan. Mon parcours scolaire ne me destinait pas concr\u00e8tement au m\u00e9tier de charpentier, mais il m\u2019a permis de m\u2019orienter de fa\u00e7on r\u00e9fl\u00e9chie vers cette profession. En effet, apr\u00e8s un bac scientifique, j\u2019ai &hellip; <\/p>\n<p class=\"link-more\"><a href=\"https:\/\/www.ruhl-charpente.fr\/?page_id=192\" class=\"more-link\">Continuer la lecture<span class=\"screen-reader-text\"> de &laquo;&nbsp;Pr\u00e9sentation&nbsp;&raquo;<\/span><\/a><\/p>\n","protected":false},"author":1,"featured_media":0,"parent":0,"menu_order":0,"comment_status":"closed","ping_status":"closed","template":"","meta":{"footnotes":""},"_links":{"self":[{"href":"https:\/\/www.ruhl-charpente.fr\/index.php?rest_route=\/wp\/v2\/pages\/192"}],"collection":[{"href":"https:\/\/www.ruhl-charpente.fr\/index.php?rest_route=\/wp\/v2\/pages"}],"about":[{"href":"https:\/\/www.ruhl-charpente.fr\/index.php?rest_route=\/wp\/v2\/types\/page"}],"author":[{"embeddable":true,"href":"https:\/\/www.ruhl-charpente.fr\/index.php?rest_route=\/wp\/v2\/users\/1"}],"replies":[{"embeddable":true,"href":"https:\/\/www.ruhl-charpente.fr\/index.php?rest_route=%2Fwp%2Fv2%2Fcomments&post=192"}],"version-history":[{"count":10,"href":"https:\/\/www.ruhl-charpente.fr\/index.php?rest_route=\/wp\/v2\/pages\/192\/revisions"}],"predecessor-version":[{"id":563,"href":"https:\/\/www.ruhl-charpente.fr\/index.php?rest_route=\/wp\/v2\/pages\/192\/revisions\/563"}],"wp:attachment":[{"href":"https:\/\/www.ruhl-charpente.fr\/index.php?rest_route=%2Fwp%2Fv2%2Fmedia&parent=192"}],"curies":[{"name":"wp","href":"https:\/\/api.w.org\/{rel}","templated":true}]}}

Présentation

<figure class="wp-block-image"><img loading="lazy" decoding="async" width="683" height="1024" src="https://www.ruhl-charpente.fr/wp-content/uploads/2019/05/DSC08235web-683x1024.jpg" alt="" class="wp-image-230" srcset="https://www.ruhl-charpente.fr/wp-content/uploads/2019/05/DSC08235web-683x1024.jpg 683w, https://www.ruhl-charpente.fr/wp-content/uploads/2019/05/DSC08235web-200x300.jpg 200w, https://www.ruhl-charpente.fr/wp-content/uploads/2019/05/DSC08235web-768x1152.jpg 768w, https://www.ruhl-charpente.fr/wp-content/uploads/2019/05/DSC08235web.jpg 800w" sizes="(max-width: 683px) 100vw, 683px" /><figcaption>Préparation d&#8217;un chantier de zinguerie</figcaption></figure>



<p>Charpentier depuis 2013, c’est en m’installant dans le Trièves au  printemps 2018, que j’ai choisi de devenir entrepreneur au sein de la  coopérative <a rel="noreferrer noopener" href="https://www.cabestan.fr/" target="_blank">Cabestan</a>.  Mon parcours scolaire ne me destinait pas concrètement au métier de  charpentier, mais il m’a  permis de m’orienter de façon réfléchie vers  cette profession. </p>



<p>En effet, après un bac scientifique, j’ai d’abord abordé la géologie 
avant de m’orienter vers un parcours universitaire de géographie durant 
lequel j’ai eu l’occasion d’acquérir de multiples connaissances sur 
notre environnement physique, ainsi que sur les relations très étroites 
entre les hommes et les territoires dans lesquels ils évoluent. C’est en
 étudiant des problématiques liées aux milieux de montagne et à 
l’évolution des glaciers que j’ai obtenu mon diplôme de Master 2 en 
2010. Je ne suis pas reparti de l’université avec un métier, mais avec 
la conviction profonde que nous vivons une période clé, et que les choix
 que nous faisons chaque jours, sont déterminants pour sortir par le 
haut de la crise environnementale et sociale que nous traversons. </p>



<p>Grâce à mon métier et aux choix qu’il offre, je veux contribuer à  préserver au mieux notre avenir. Le choix des matériaux, leurs capacités  à être recyclés sans ou avec un minimum de pollutions, l’absence de  traitements ou d’additifs dangereux pour la santé, la longueur des  circuits de distribution, constituent autant d’alternatives qui me  permettent d’agir à ma mesure. </p>



<p>Au cours de ma carrière de charpentier, j’ai pu fréquenter des  entreprises très différentes dont les effectifs allaient de 1 à 50  employés et autant d’intérimaires. J’ai travaillé au sein d’un bureau  d’étude de conception et dessin de structures bois, j’ai été manœuvre  sur des gros chantiers d’immeubles, mais j’ai aussi été employé sur des  chantiers plus modestes de rénovation de toitures, d’isolation, ou de  constructions neuves chez des particuliers. Ce que j’ai appris de ces  diverses expériences, c’est que la concertation et la collaboration sont  essentielles dans la réussite d’un chantier. Lorsque les travaux le  permettent il est intéressant que les clients puissent prendre part aux  travaux. Cela leur permet d’être acteur de leur projet et  d’appréhender de façon concrète les différents choix possibles. </p>



<p>C’est pourquoi si vous avez un projet, je me ferais un devoir de vous  aider à le construire en faisant des choix qui vous conviennent au  mieux, dans le respect de l’avenir et des contraintes locales.</p>



<h2 class="wp-block-heading">Formations</h2>



<p>Octobre 2022 : <a href="http://ergolevage.fr/fr_FR/1-Accueil" target="_blank" rel="noreferrer noopener"> Ergolevage</a>. Formation aux techniques de levage traditionnelles à la corde. Utilisation de cordes poulies et autres éléments légers pour le levage de structures bois en gros œuvre (murs ossature bois, solivage, charpente etc.) ainsi qu&#8217;en sous-œuvre. (La ferme Latine, Bérat)</p>



<p>Mars 2021 : qualification pro paille. Techniques d&#8217;isolation par remplissage en bottes de paille. (Aplomb, Cras)</p>



<p>Février 2019 : Feebat Réno, Qualibat RGE, (GRETA, Grenoble)</p>



<p>Mai 2019 : RDM et dimensionnement structures bois eurocode 5 (FCMB, Echirolles)</p>



<p>2015 : Perfectionnement zinguerie (GRETA, Grenoble)</p>



<p>2013 : CAP charpentier bois (GRETA, Grenoble)</p>



<p>2010 : Master 2 STDDAD, (Institut de Géographie Alpine, Grenoble)</p>

<p>Charpentier depuis 2013, c’est en m’installant dans le Trièves au printemps 2018, que j’ai choisi de devenir entrepreneur au sein de la coopérative Cabestan. Mon parcours scolaire ne me destinait pas concrètement au métier de charpentier, mais il m’a permis de m’orienter de façon réfléchie vers cette profession. En effet, après un bac scientifique, j’ai &hellip; </p>
<p class="link-more"><a href="https://www.ruhl-charpente.fr/?page_id=192" class="more-link">Continuer la lecture<span class="screen-reader-text"> de &laquo;&nbsp;Présentation&nbsp;&raquo;</span></a></p>
